, 4*i = l + 188 + 139. Suppose -3*p = 6*p - i. What is the units digit of p?
9
Suppose 64*b = 68*b - 8832. What is the units digit of b?
8
Let m(j) = -6*j - 2. Let c = -11 - -10. Let w be m(c). Suppose -w*z - 1 - 7 = -b, 2*z = 0. What is the units digit of b?
8
Let l = -10 - -12. Let x be 8/((l/(-8))/(-1)). Let c = 3 + x. What is the units digit of c?
5
Let x(m) = m**3 + 16*m**2 - m - 14. Let j be x(-16). Let z(w) = -14 + 7 + 2*w**2 + j - 6*w. What is the tens digit of z(6)?
3
Let o = 2373 + 1623. What is the hundreds digit of o?
9
What is the thousands digit of (0 - 3)/(23 + (-799388)/34753)?
1
Suppose x + 30 = -4*x. Let l be 12/18 + 208/x. What is the tens digit of -1 - (l + 1) - 3?
2
Let o(r) = 15*r**2 - 3 - 29*r**2 + 16*r**2. What is the units digit of o(-2)?
5
Let q be (-2 + (3 - -1))*86. Let v = -64 + q. What is the units digit of v?
8
Let n(k) = -5*k - 20. Let a(s) = 2*s - 32. Let t be a(13). Let j be n(t). Suppose -15*u + 375 = -j*u. What is the tens digit of u?
7
Let h(a) = 119*a + 20. What is the hundreds digit of h(7)?
8
Suppose -18*c + 45 = -45. Suppose -c*t = 2*w - 26, 0 = w + 2*t - 6*t + 13. What is the units digit of w?
3
Let h = -13 + 16. Suppose 3*a = 2 + 1, -82 = -h*b - a. What is the tens digit of b?
2
Let r = -5979 - -8606. What is the units digit of r?
7
Suppose 3*o = -2*b + 698, 47*b + 2*o = 42*b + 1723. What is the hundreds digit of b?
3
Let g(y) = -16*y - 26. What is the tens digit of g(-25)?
7
Let f(l) = l + 4. Let z be f(8). Let o be (z/(-4 + 0))/(-1). What is the tens digit of (-20)/30 + 146/o?
4
Suppose 3*c - 19 = 4*b - 5*b, 3*b = -5*c + 41. Suppose 0 = 2*j - 2*g - 96, 2*g + 1 + b = 0. What is the tens digit of j?
4
Let u = -427 - -668. Let d = u - 47. Suppose -h + 5*y = -69, -4*h - 43 + d = 5*y. What is the units digit of h?
4
Suppose 0 = -x, 3*h + 4*x = -0*x + 6. Suppose g - h*g + 311 = 0. What is the tens digit of g?
1
Let h = 39 + -36. Suppose -2*d + 4*z + 156 = 0, -h*d + 234 = -0*d + 2*z. What is the tens digit of d?
7
What is the tens digit of (-30 - -2367) + 7/(-1)?
3
Let p = 7653 + -21618. What is the hundreds digit of -4 + ((-3)/4 - p/60)?
2
Let z be 1 - ((158 - -1)*1 - 3). Let d = 238 + z. What is the units digit of d?
3
Let r(a) = -a**2 + 6*a - 1. Let h be r(5). What is the tens digit of 102/h*(-18)/(-27)?
1
What is the tens digit of 4 - 7/((-21)/900)?
0
Let c be ((-20)/(-15))/(2/6). Let k(m) = 2*m**2 + 2*m - 4. Let f be k(3). Suppose c*z - 100 = f. What is the tens digit of z?
3
Let p be 2/((7/50)/(-7)). Let u be (p/12)/(3/(-9)). What is the units digit of u - 2 - (7 + -5)?
1
Let c(y) = -y**2 - 15*y - 27. Let n be c(-12). Let g = n + 102. What is the tens digit of g?
1
Let z(g) = 137*g - 12. Let o be z(5). Suppose 52 = 5*m - o. What is the tens digit of m?
4
Let m(t) = 15*t**2 + 35*t - 9. Let s(d) = -5*d**2 - 12*d + 3. Let n = -4 + 7. Let o(h) = n*m(h) + 8*s(h). What is the tens digit of o(-4)?
4
Suppose 0 = -5*b + 4*i + 6585, 0 = -25*b + 28*b + 2*i - 3973. What is the hundreds digit of b?
3
Suppose -14*i + 41 = -13*i. Let f = -59 + i. Let o = 2 - f. What is the tens digit of o?
2
Suppose -3*q = -4*l - l - 42, 3*l - 5*q + 22 = 0. Suppose 3*o = -4*m - 32, -34 + 14 = 4*m. What is the units digit of (3 + o)*l/1?
9
What is the tens digit of (-4 - (-16)/(-4))*(-137)/2?
4
Let z(d) = 44*d + 24. What is the tens digit of z(4)?
0
Let v = -10 + 23. Suppose 11 + v = -6*w. Let k(r) = 3*r**2 - 6*r - 1. What is the tens digit of k(w)?
7
Let w(v) = -21*v**2 - 56*v + 24. Let r(f) = 5*f**2 + 14*f - 6. Let s(o) = 9*r(o) + 2*w(o). What is the hundreds digit of s(-11)?
2
Let o(u) = 722*u + 35. What is the hundreds digit of o(1)?
7
Suppose 0 = 5*w - 8*d + 13*d - 2750, -2*d = -3*w + 1645. What is the units digit of w?
9
Let i(p) = 3*p + 2. Let f be i(-2). Let d(a) = -a**2 - 7*a - 10. Let z be d(-6). What is the tens digit of z/f - (-34 - 3)?
3
Suppose -3*a + 4 = -8. Suppose -a*k - 8 + 16 = 0. Suppose -57 = -k*i + 7. What is the units digit of i?
2
Suppose 12 = -o - 2*j - 4, -3*o - 16 = -2*j. Let n = -4 - o. Suppose -105 = -n*r - 3*s, -2*r - s - s + 52 = 0. What is the units digit of r?
7
Suppose -5*h + 77 = 27. Suppose -h*q + 10 = -5*q. Suppose 2*t = 6, -q*s = 2*s + 5*t - 219. What is the units digit of s?
1
Suppose -2 = -2*l + 6. Suppose 0 = l*d - 6*d + 214. What is the units digit of d?
7
Let m = 336 + -5. What is the tens digit of m?
3
Let m be (-3076)/(-16) - 3/12. Let n be m/1*3/6. Suppose n = 5*b + 6. What is the units digit of b?
8
Let x = 2354 + -1603. What is the hundreds digit of x?
7
Suppose 3*a - 3400 = 2252. What is the tens digit of a?
8
Suppose 0 = 68*q - 60*q - 2760. What is the tens digit of q?
4
Let t(o) = o**3 + 4*o**2 - o - 1. Let l be t(-4). Suppose 2*h = 2, -3*h = -5*u + 9 + 23. Suppose 0 = u*c - l*c - 112. What is the units digit of c?
8
Suppose 0 = -4*p + p - 108. Let i = p + 26. Let d = 21 - i. What is the tens digit of d?
3
Let o(v) = v + 3. Let p(c) = 1. Let j(f) = o(f) + 2*p(f). Let q(h) = -4*h**2 - 61*h - 9. Let d be q(-15). What is the tens digit of j(d)?
1
Let i(j) = -3*j - 2. Let c(y) = y**2 + 10*y + 14. Let n be c(-10). Let p be -7*((-2)/n - -1). What is the tens digit of i(p)?
1
Let a be -3 - (-2 + 3 + -5). Let g be (-7 - -6) + (a - -1). What is the units digit of (-3)/g + 32 + -10?
9
Suppose -3*s + 150 = -1116. What is the units digit of s?
2
Let y = 153 + -63. Let p = 542 + -540. Suppose p*s = 5*s - y. What is the tens digit of s?
3
Let u be (3/1)/(12/16). Suppose -5*o + 11 + u = 0. What is the units digit of -9*(-1 + (o - 5))?
7
Suppose -5*x = -d + 2321, -d + 2111 = 4*x - 183. What is the units digit of d?
6
Let j(b) = -80*b - 4. What is the hundreds digit of j(-11)?
8
Let w(t) = 10*t**2 + 4*t + 96. What is the tens digit of w(-7)?
5
Let a = 33 - 14. Let r = 12 - 23. Let k = r + a. What is the units digit of k?
8
Let i(t) be the first derivative of t**4 - 2*t**3/3 + t - 5. Let m(s) = 5*s**3 - 3*s**2 + 1. Let x(z) = -3*i(z) + 2*m(z). What is the units digit of x(-1)?
1
Let z(i) be the first derivative of i**4/4 + 3*i**3 + 7*i**2/2 - 4*i + 4. Let q = -20 + 12. What is the units digit of z(q)?
4
Suppose -10*w + 7*w = -27. Let m(c) = -10*c + 12. Let p be m(w). What is the tens digit of (0 - -2)*p/(-4)?
3
Suppose -11*s + 12*s + 6 = 0. Let t = s - -6. Suppose -i + 3 - 1 = t. What is the units digit of i?
2
Suppose -9*v + 7*v + 56 = 0. Suppose 24 + v = 4*i. What is the units digit of i?
3
Let l = 89 - 87. Suppose 500 = 4*d + 5*j, -2*d + l*j = d - 375. What is the hundreds digit of d?
1
Let z be (-1 + 0 - 0)*-1. Let i be z/((-9)/12 + 1). Suppose 0 = -2*g - i*g + 84. What is the tens digit of g?
1
Suppose -12 = 5*p - 37. What is the units digit of (6/p)/((-6)/(-15))?
3
Suppose 2*i + 4*f = 3*i - 18, -4*i + 4*f = -108. Let p be (-3)/5 + (-12)/i. What is the units digit of -7*p*(-1 + 2)?
7
Let l(a) = a**2 + 14*a + 5. Let p be l(-13). Suppose 3*k + 12 = v + 2, -4*v + 40 = k. Let g = v + p. What is the units digit of g?
2
Suppose -3*j + 3 = x - 0*x, 0 = -4*x - j + 23. What is the tens digit of 3/x + (-500)/(-8)?
6
Let y = 1099 + -609. What is the tens digit of y?
9
Let z = -74 + 201. Let u = -88 + z. What is the tens digit of u?
3
Suppose -4*o = 4*b - 364, o + 32 = -4*b + 390. What is the units digit of b?
9
Let y = -415 - -1324. What is the tens digit of y?
0
Let i(z) = 6*z**2 - z - 25. Let w = 33 - 37. What is the tens digit of i(w)?
7
Suppose 2*t + 0 = -2*j + 14, -t = 2. Suppose j - 3 = x. What is the units digit of x?
6
Let q(d) be the third derivative of d**5/20 + 17*d**4/24 + 3*d**3 + 25*d**2. What is the units digit of q(-6)?
4
Let i be 1/((1/((-1005)/(-6)))/2). Suppose -3*q = -5*p - i, -3*q + 547 - 172 = 3*p. What is the units digit of q?
0
What is the units digit of 84381/22 + 6/(-4)?
4
Suppose 20*t + 55 = 25*t. Suppose 4*k - 1 = -21. Let j = k + t. What is the units digit of j?
6
What is the tens digit of (-29 - 5)/((-229)/38 - -6)?
9
Let h be 0/(0 - (-4)/(-2)). Let u be 5 + h + -2 - 1. Suppose i - 4*i = 2*w - 49, -3*w - u*i = -86. What is the units digit of w?
2
Suppose -3*r = -3*q + 48, 0*r - 2*r - 27 = 3*q. Let s = 45 + r. What is the tens digit of s?
3
Let l be 3/(2 + (1 - 2)). Suppose -36 = -l*k - k. Suppose 4*a + 5*z = 9 + k, -2*a = 3*z - 8. What is the units digit of a?
7
Let z = -